 59831377
What are the prime factors of 46813476?
2, 3, 281, 13883
List the prime factors of 4369575632.
2, 273098477
What are the prime factors of 6887015?
5, 1377403
What are the prime factors of 62747400?
2, 3, 5, 104579
List the prime factors of 115046530.
2, 5, 863, 13331
List the prime factors of 226855353.
3, 811, 93241
List the prime factors of 51625301.
7, 13, 691, 821
What are the prime factors of 43314404?
2, 7, 73, 21191
List the prime factors of 91845628.
2, 7, 17, 157, 1229
What are the prime factors of 109504385?
5, 487, 44971
What are the prime factors of 407972391?
3, 103, 491, 2689
List the prime factors of 4496928612.
2, 3, 11, 733, 46477
What are the prime factors of 709040059?
7, 13, 1913, 4073
List the prime factors of 1852121452.
2, 463030363
List the prime factors of 230386149.
3, 7, 3656923
What are the prime factors of 228499480?
2, 5, 11, 23, 67, 337
List the prime factors of 22965256.
2, 2870657
List the prime factors of 367216776.
2, 3, 223, 22871
List the prime factors of 972267012.
2, 3, 19, 31, 45853
List the prime factors of 1422424735.
5, 43, 1093, 6053
List the prime factors of 115437782.
2, 23, 2509517
List the prime factors of 486377160.
2, 3, 5, 4053143
What are the prime factors of 1685743?
1049, 1607
List the prime factors of 198917021.
283, 702887
What are the prime factors of 2501033838?
2, 3, 97, 149, 151, 191
What are the prime factors of 70677515?
5, 14135503
What are the prime factors of 54517224?
2, 3, 2271551
What are the prime factors of 65409761?
17, 19, 29, 6983
What are the prime factors of 223519184?
2, 7, 285101
What are the prime factors of 36637632?
2, 3, 63607
What are the prime factors of 220343368?
2, 7, 103, 38201
List the prime factors of 441288287.
11, 3313, 12109
What are the prime factors of 707398663?
67, 10558189
List the prime factors of 455634615.
3, 5, 30375641
List the prime factors of 5789724230.
2, 5, 578972423
List the prime factors of 601957552.
2, 7, 89, 8627
What are the prime factors of 884079166?
2, 8089, 54647
What are the prime factors of 80744403?
3, 26914801
What are the prime factors of 552579494?
2, 461, 587, 1021
List the prime factors of 653920553.
11, 13, 97, 47143
List the prime factors of 44130910.
2, 5, 4413091
List the prime factors of 25951883.
229, 113327
List the prime factors of 445530563.
19, 977, 24001
List the prime factors of 53111355.
3, 5, 11, 101, 3187
List the prime factors of 458927069.
31, 383, 38653
What are the prime factors of 446527680?
2, 3, 5, 465133
What are the prime factors of 11446488?
2, 3, 197, 269
What are the prime factors of 358413124?
2, 89603281
List the prime factors of 373563614.
2, 47, 197, 20173
What are the prime factors of 86305812?
2, 3, 7192151
List the prime factors of 3354891825.
3, 5, 29, 1542479
List the prime factors of 407694019.
407694019
What are the prime factors of 58663682?
2, 7, 11, 54419
What are the prime factors of 1875593159?
11, 37, 4608337
List the prime factors of 1196555468.
2, 5557, 53831
What are the prime factors of 9765687?
3, 43, 75703
What are the prime factors of 724556111?
724556111
List the prime factors of 65151178.
2, 32575589
What are the prime factors of 1433477780?
2, 5, 7, 103, 99409
List the prime factors of 351120072.
2, 3, 73, 107, 1873
List the prime factors of 603661401.
3, 7, 37, 258971
List the prime factors of 133056550.
2, 5, 11, 241921
What are the prime factors of 276546542?
2, 138273271
What are the prime factors of 1096722065?
5, 113, 1941101
What are the prime factors of 2707812773?
37, 73184129
List the prime factors of 1926649672.
2, 1381, 174389
What are the prime factors of 4451849717?
7, 635978531
List the prime factors of 28238744.
2, 3529843
List the prime factors of 1731547871.
59, 29348269
List the prime factors of 541413237.
3, 7817, 23087
What are the prime factors of 1589204809?
977, 1626617
List the prime factors of 15009849.
3, 29, 131, 439
List the prime factors of 184032729.
3, 23, 173, 571
List the prime factors of 31996557.
3, 31, 73, 1571
What are the prime factors of 118999462?
2, 59499731
What are the prime factors of 50550182?
2, 23, 47779
List the prime factors of 564118427.
157, 1013, 3547
List the prime factors of 2912499347.
17, 171323491
What are the prime factors of 33843437?
547, 61871
What are the prime factors of 206671681?
206671681
What are the prime factors of 118320486?
2, 3, 19, 53, 19583
What are the prime factors of 606652881?
3, 19, 10643033
What are the prime factors of 527342979?
3, 163, 1078411
What are the prime factors of 182029963?
2957, 61559
What are the prime factors of 24938111?
11, 37, 71, 863
List the prime factors of 221486085.
3, 5, 4921913
List the prime factors of 909990727.
607, 1499161
What are the prime factors of 996659981?
996659981
List the prime factors of 233265255.
3, 5, 15551017
List the prime factors of 231106040.
2, 5, 11, 525241
List the prime factors of 99929934.
2, 3, 13, 509, 839
List the prime factors of 43034707.
41, 61, 17207
List the prime factors of 80492010.
2, 3, 5, 863, 3109
List the prime factors of 592688688.
2, 3, 61, 71, 2851
List the prime factors of 194327984.
2, 191, 63589
What are the prime factors of 123481588?
2, 30870397
What are the prime factors of 59165628?
2, 3, 79, 139, 449
List the prime factors of 461927089.
13, 35532853
What are the prime factors of 178469204?
2, 19, 37, 63467
What are the prime factors of 3907565724?
2, 3, 1811, 179807
What are the prime factors of 1135379380?
2, 5, 41, 101, 13709
What are the prime factors of 132275554?
2, 29, 67, 34039
List the prime factors of 2477268631.
89, 27834479
What are the prime factors of 16634211?
3, 11, 17, 149, 199
What are the prime factors of 587322689?
587322689
What are the prime factors of 324292263?
3, 108097421
What are the prime factors of 50674465?
5, 10134893
What are the prime factors of 35168526?
2, 3, 103, 6323
List the prime factors of 595716563.
13, 431, 106321
What are the prime factors of 257474712?
2, 3, 11, 37, 43, 613
What are the prime factors of 143430997?
41, 761, 4597
List the prime factors of 31385812.
2, 2357, 3329
List the prime factors of 118059419.
118059419
List the prime factors of 65624533.
13, 953, 5297
List the prime factors of 71750078.
2, 35875039
List the prime factors of 71379298.
2, 31, 367, 3137
List the prime factors of 132191657.
13, 29, 31, 11311
What are the prime factors of 2614753930?
2, 5, 261475393
What are the prime factors of 1843230922?
2, 13, 31, 173, 13219
List the prime factors of 189648267.
3, 257, 245977
What are the prime factors of 9789945?
3, 5, 11, 59333
What are the prime factors of 427563496?
2, 53445437
What are the prime factors of 1449211470?
2, 3, 5, 7, 6901007
List the prime factors of 76148150.
2, 5, 13, 193, 607
List the prime factors of 640804009.
640804009
List the prime factors of 481120399.
481120399
List the prime factors of 14974046.
2, 397, 18859
What are the prime factors of 2940093493?
2940093493
List the prime factors of 61046866.
2, 30523433
What are the prime factors of 1842970469?
1842970469
List the prime factors of 1334273616.
2, 3, 13, 421, 1693
What are the prime factors of 69846248?
2, 8730781
What are the prime factors of 1582153606?
2, 11, 7043, 10211
What are the prime factors of 229230889?
181, 1266469
List the prime factors of 48678468.
2, 3, 4056539
What are the prime factors of 77794054?
2, 13, 37, 193, 419
What are the prime factors of 2449463?
41, 59743
List the prime factors of 919775633.
7, 17, 43, 179749
List the prime factors of 334486030.
2, 5, 89, 263, 1429
What are the prime factors of 61166519?
61166519
What are the prime factors of 251034155?
5, 17, 1009, 2927
What are the prime factors of 201395674?
2, 59, 1706743
List the prime factors of 487166744.
2, 1163, 52361
What are the prime factors of 38672229?
3, 17, 758279
What are the prime factors of 1131317778?
2, 3, 127, 137, 10837
What are the prime factors of 15421987?
7, 2203141
List the prime factors of 87409188.
2, 3, 2428033
List the prime factors of 2538203071.
17, 37, 4035299
What are the prime factors of 5573564684?
2, 157, 331, 26813
List the prime factors of 519176070.
2, 3, 5, 7, 117727
List the prime factors of 22488784.
2, 163, 8623
What are the prime